emainder when w is divided by 40/7 + 2/7.
4
Let i(y) = y**2 + 14*y - 532. Calculate the remainder when i(20) is divided by 14.
8
Suppose f - 11 = -4*m - 0, f + 25 = 5*m. Suppose 45 + 3 = m*v - 2*d, 0 = -5*v + d + 66. What is the remainder when 35 is divided by v?
7
Let g(h) = 2*h**2 - 5*h - 2. Calculate the remainder when (-1408)/528*99/(-4) is divided by g(5).
20
Let z(p) = p**2 + 4*p - 565. What is the remainder when z(-32) is divided by 53?
13
Let n(s) = 17*s + 5. Suppose 80 = 2*t - 5*i, 220 - 82 = 5*t + 3*i. Suppose -1141*l = -1143*l + t. What is the remainder when n(4) is divided by l?
13
Suppose 6 = -3*l, 0 = 5*z + 5*l - 55 - 55. Let t(q) = 2*q + 129. Let k be (12/(-7))/(824/(-280) - -3). Calculate the remainder when t(k) is divided by z.
21
Let g = 13445 - 12966. What is the remainder when g is divided by 171?
137
Let u be 3 + 0 + -1 + -2. Suppose 4*z + 178 - 442 = u. Calculate the remainder when z is divided by 14.
10
Suppose 0 = 39*c - 619 + 501 - 2027. Calculate the remainder when 129 is divided by c.
19
Let l(q) = 2*q**2 + 4*q + 1. Let v(g) = -g**3 + 7*g**2 - 2*g + 23. Let h be v(7). Suppose 2*j + 17 - h = 0. Calculate the remainder when 63 is divided by l(j).
12
Suppose -5*v = -20*a + 6*a - 425, -5*v - 5*a = -330. Calculate the remainder when 176 is divided by v.
34
What is the remainder when 3392 is divided by (3/36)/(5/18960*4)?
74
Let f = -13 - 18. Let z = f - -58. Suppose -h - 19 = -3*m, -15 = -2*m - 0*h + 3*h. Calculate the remainder when z is divided by m.
3
Let k(a) be the second derivative of -a**3/3 + 17*a**2/2 - 39*a. Let i be k(4). Let s(l) = -l + 22. Calculate the remainder when s(i) is divided by 13.
0
Calculate the remainder when 4201 is divided by 1400/7 - (-162)/(-18).
190
Let d(k) = -17*k - 10. Let b be d(-16). Suppose 2*t - 48 = -b. Let i = -64 - t. What is the remainder when 126 is divided by i?
40
Let h be 173*-1*3/(-3) + -3. Let o = -122 + h. What is the remainder when o is divided by 5?
3
What is the remainder when 11 is divided by ((3/(-12))/1)/((-2275)/252 + 9)?
2
Suppose -108 = -5*v + 4*k - 40, 38 = 4*v + 5*k. What is the remainder when v is divided by (1 + -3 - -1) + (14 - 5)?
4
Suppose 3*m + 14 + 5 = 4*s, 5*s = 2*m + 22. Suppose -s*h + p + 25 = 0, 0 = -6*h + h + 5*p + 20. Calculate the remainder when h is divided by 3.
1
Let s = 13 - 57. Let h = s - -72. Let v = 48 - h. What is the remainder when 34 is divided by v?
14
Calculate the remainder when 2425/4 + (-2222)/(-808) is divided by 22.
15
Let d be (7 - 2) + 1/((-1)/3). Suppose -2*o = -2*g + 24, 3*g - 31 - 10 = d*o. Suppose 242 = 5*u - 83. What is the remainder when u is divided by g?
14
Let j = -63 - -83. Calculate the remainder when 637 is divided by 96/15*250/j.
77
Suppose 371 = -8*i + 323. What is the remainder when i*((-180)/48)/((-6)/(-4)) is divided by 8?
7
Calculate the remainder when 438 is divided by (-3390)/(-65) + (-10)/65.
22
Let u(y) = -3*y - 2. Let v be u(-5). Suppose 6 = 3*r + m, 0 = r - 2*r + m + 6. Let i = r + v. What is the remainder when i is divided by 8?
0
Suppose -f + 845 = v, 5*f = 3*v + v + 4180. Let b = f - 764. What is the remainder when b is divided by 5?
1
Let t(x) = -x**3 + 6*x**2 + 31*x + 292. Calculate the remainder when t(-10) is divided by 132.
130
Let o(t) = 2*t**3 + 10*t**2 - t + 148. Calculate the remainder when o(0) is divided by 77.
71
Suppose -3*r = -4*j + 139, -5*j + 3*r + 29 + 150 = 0. Suppose -4*n + 790 = n. Calculate the remainder when n is divided by j.
38
Suppose 2*g - 17508 = -r, -4*g + 25*r - 22*r + 35056 = 0. What is the remainder when g is divided by 120?
118
Suppose u + 3 - 7 = 0. Let w = 117 + -109. What is the remainder when u is divided by (-9)/w + 1 - 1275/(-408)?
1
Let m = 2858 + -2842. Calculate the remainder when 191 is divided by m.
15
Let r be 26/(-52)*(0 - -432). Let i = r + 339. Calculate the remainder when i is divided by 27.
15
Suppose -405*q + 4757 + 5833 = -52*q. Calculate the remainder when 21837 is divided by q.
27
Let y be (2 - 0) + (-32)/16. Suppose k + 2 + 143 = y. Let c = 208 + k. What is the remainder when c is divided by 22?
19
Suppose 8391 = 4*r - 3009. Calculate the remainder when (3/6)/((-8545)/r - -3) is divided by 41.
39
Suppose 518*c = 516*c + 58. Let n = -13 - -27. Calculate the remainder when c is divided by n.
1
Let t = -5000 - -5339. What is the remainder when t is divided by 62?
29
What is the remainder when 41 is divided by 5/((-25)/(-170)) + 20/(-4)?
12
Let b be (12*(-14)/(-105))/((-1)/(-5)). What is the remainder when 322 is divided by 41/3 - 3/(36/b)?
10
Suppose 159 = k - 5*f, 51 - 354 = -2*k + 5*f. Calculate the remainder when 179 is divided by k.
35
Suppose -u - j + 5*j = -65, 5*j = 4*u - 293. Let p(q) = -4*q**2 - 19152*q + 0*q**2 - 5 + 19123*q - 4*q**2. What is the remainder when u is divided by p(-3)?
7
Let t(q) = -2*q**2 - 41*q + 37. Let y be ((-80)/(-28))/(9/(-63)). What is the remainder when t(y) is divided by 13?
5
Suppose -10*j - 19*j + 6*j = 0. Suppose 2*f = 8, j = -43*s + 45*s + 5*f - 504. Calculate the remainder when s is divided by 86.
70
Calculate the remainder when 5*1668/14 - 328/(-1148) is divided by 1/4 + 594/24.
21
Suppose 9*r + 21620 = 5*i + 6104, -4*i - 5*r = -12425. What is the remainder when i is divided by 1541?
23
Suppose u - 116 = -101. Let h be 10/3*9/6. Suppose -h*k + 44 = -166. Calculate the remainder when k is divided by u.
12
Suppose 610 = 3*r + p, r + 0*p - 214 = -3*p. Suppose -3*a = 4 - r. Let l = 21973 + -21950. Calculate the remainder when a is divided by l.
20
Let f = -26308 + 26347. Suppose 0*y + 5*y = 760. What is the remainder when y is divided by f?
35
Let j be (92/6)/((-1)/(-3)). What is the remainder when (j/4)/(1/2) is divided by 9 - (22/(-44))/(2/(-12))?
5
Let h = -1007 + 1722. What is the remainder when h is divided by 40?
35
Calculate the remainder when 94 is divided by (-17)/((-748)/1023)*(-8)/(-6).
1
Let n = -32 - -45. Let f = -69 + 93. Suppose -p + 390 = 5*t, -f*p = 5*t - 28*p - 365. Calculate the remainder when t is divided by n.
12
Let j be (2 + -2)/3*1. Suppose j = -3*o, o + 80 = 25*f - 21*f. Calculate the remainder when 34 is divided by f.
14
Let x = -16682 + 17372. Calculate the remainder when x is divided by 7.
4
Suppose -3*v = -4*o + 11, -v + 12 + 11 = 4*o. Suppose 3*c + 210 = 3*j, -v*j + c = -4*c - 212. Calculate the remainder when j is divided by 26.
17
Suppose -r + 18 = 3*f, -2*r - 193 + 229 = 3*f. Calculate the remainder when 1141 is divided by r.
7
Suppose -3*w - 500 = -4*p, 2*w + 134 = 3*p - 243. Suppose -31 = -o - 4*i, -o = -6*o - 5*i + 110. What is the remainder when p is divided by o?
17
Let j = -11473 + 13637. What is the remainder when j is divided by 1079?
6
Suppose 4*x - 24 = -0*x. Suppose -2*b = -73 + 17. Let q = 44 - b. What is the remainder when q is divided by x?
4
Suppose 0 = 79*w - 78*w - 12. Let b = 25 + w. Let s = b - 7. What is the remainder when 89 is divided by s?
29
Let u(c) = 4*c**2 - 8*c - 3. Calculate the remainder when u(6) is divided by (17 + (-20)/10)/(-3) - -35.
3
Let x = -9 + -27. Suppose 920*k + 117 = 923*k. Let i = k + x. Calculate the remainder when i is divided by 3.
0
Let p = 341 + -182. Suppose -132846 = 48*a - 134190. Calculate the remainder when p is divided by a.
19
Let n(h) = -h + 2. Let v be n(4). What is the remainder when (v - 5)*(-1 + -3) is divided by 15?
13
Suppose -45569 - 50565 = -103*q - 23828. Calculate the remainder when q is divided by 32.
30
Let w(y) be the first derivative of -y**3/3 - 33*y**2/2 - 73*y + 9. What is the remainder when w(-29) is divided by 24?
19
Suppose 0 = -2*f + 1444 - 1134. Let u(p) = 3*p**2 - 29*p - 86. Calculate the remainder when f is divided by u(-4).
77
Let b = 13852 + -13625. Calculate the remainder when b is divided by 49.
31
Suppose 23 = -2*p - 2*v - 17, -118 = 5*p - v. Let z(t) = -t**2 - 24*t - 15. Calculate the remainder when 79 is divided by z(p).
7
Let j = 14931 + -11869. What is the remainder when j is divided by 146?
142
Suppose 0 = -18*c + 737 + 3943. What is the remainder when 61 is divided by (-35)/21 + c/12?
1
Calculate the remainder when ((-4 + 42/12)*(-1 - -405))/(-1) is divided by 79.
44
Let x be 1010/2*6/30. Let j = x + -32. Suppose -3*a + j + 156 = 0. What is the remainder when a is divided by 26?
23
Calculat